{"id":2295,"date":"2025-05-13T19:41:19","date_gmt":"2025-05-13T19:41:19","guid":{"rendered":"https:\/\/inforum2025.xdi.uevora.pt\/?page_id=2295"},"modified":"2025-05-29T15:01:56","modified_gmt":"2025-05-29T15:01:56","slug":"sscc-2025-seguranca-de-sistemas-de-computadores-e-comunicacoes","status":"publish","type":"page","link":"https:\/\/inforum2025.xdi.uevora.pt\/index.php\/sscc-2025-seguranca-de-sistemas-de-computadores-e-comunicacoes\/","title":{"rendered":"Seguran\u00e7a de Sistemas de Computadores e Comunica\u00e7\u00f5es (SSCC)"},"content":{"rendered":"\n<p>A Seguran\u00e7a dos Sistemas de Computadores e das Comunica\u00e7\u00f5es (SSCC) em Rede assume um papel cada vez mais relevante na sociedade tecnol\u00f3gica atual. O n\u00famero de dispositivos com capacidade de computa\u00e7\u00e3o, recolha ou armazenamento de dados est\u00e1 a crescer de forma acentuada e novas formas de comunica\u00e7\u00e3o e servi\u00e7os est\u00e3o a proliferar, fornecendo funcionalidades que dantes eram impens\u00e1veis, tais como sistemas distribu\u00eddos completamente descentralizados (e.g., cripto-moedas e blockchains), sistemas computacionais baseados na nuvem, ferramentas de intelig\u00eancia artificial e cidades inteligentes. A pan\u00f3plia de sistemas cr\u00edticos e sistemas ciber-f\u00edsicos \u00e9 agora muito mais diversificada e, em alguns casos, mais acess\u00edvel a entidades com inten\u00e7\u00f5es maliciosas. Os sistemas computacionais e as suas comunica\u00e7\u00f5es s\u00e3o, assim, alvos cada vez mais apetec\u00edveis e muitos dos incidentes documentados nos \u00faltimos anos demonstram que a seguran\u00e7a ainda segue atr\u00e1s da evolu\u00e7\u00e3o da tecnologia. \u00c9 premente a continua\u00e7\u00e3o do desenvolvimento de solu\u00e7\u00f5es capazes de responder aos desafios crescentes levantados por novas amea\u00e7as e novos vetores de ataque, e que protejam dados, computa\u00e7\u00e3o e comunica\u00e7\u00e3o. Por um lado, assumem particular destaque os dom\u00ednios da seguran\u00e7a e confiabilidade de sistemas de computa\u00e7\u00e3o em nuvem ou sistemas de processamento de dados cr\u00edticos em grande escala, com repercuss\u00e3o igualmente relevante na necessidade de prote\u00e7\u00e3o de dados e computa\u00e7\u00e3o em dispositivos e aplica\u00e7\u00f5es m\u00f3veis. Por outro lado, o ciberespa\u00e7o \u00e9 cada vez mais considerado como o &#8220;quinto dom\u00ednio de guerra&#8221;, motivando, n\u00e3o s\u00f3 a investiga\u00e7\u00e3o e desenvolvimento de mecanismos de defesa, investiga\u00e7\u00e3o e an\u00e1lise forense de ataques e crimes inform\u00e1ticos, mas tamb\u00e9m a produ\u00e7\u00e3o de ferramentas para uso potencial em ciberataques, num esfor\u00e7o muitas vezes financiado por institui\u00e7\u00f5es governamentais.<\/p>\n\n\n\n<p><br>A sess\u00e3o SSCC pretende promover a divulga\u00e7\u00e3o de trabalhos de investiga\u00e7\u00e3o cient\u00edfica subordinados ao tema da seguran\u00e7a dos sistemas de computadores e comunica\u00e7\u00f5es em rede, com \u00eanfase em diferentes dom\u00ednios aplicacionais com interesse industrial, judici\u00e1rio, ou militar. Este f\u00f3rum visa tamb\u00e9m contribuir como espa\u00e7o de encontro e debate entre as v\u00e1rias entidades interessadas nesta \u00e1rea atuantes em Portugal. O debate e enriquecimento resultante da intera\u00e7\u00e3o entre acad\u00e9micos e profissionais que atuam no dom\u00ednio da seguran\u00e7a inform\u00e1tica \u00e9 um imperativo na atual sociedade, cada vez mais dependente do ciberespa\u00e7o.<\/p>\n\n\n\n<h2 class=\"wp-block-heading\">T\u00f3picos de Interesse<\/h2>\n\n\n\n<p>Encorajamos a submiss\u00e3o de artigos com trabalho original em t\u00f3picos relacionados com seguran\u00e7a de sistemas de computadores e das comunica\u00e7\u00f5es em rede, entre os quais os seguintes:<\/p>\n\n\n\n<ul class=\"wp-block-list\">\n<li>Anonimato e Privacidade<\/li>\n\n\n\n<li>Autentica\u00e7\u00e3o e Biometria<\/li>\n\n\n\n<li>Ciberseguran\u00e7a Forense<\/li>\n\n\n\n<li>Confiabilidade de Sistemas e Redes de Computadores<\/li>\n\n\n\n<li>Criptografia e Criptoan\u00e1lise<\/li>\n\n\n\n<li>Cripto-moedas e Blockchain<\/li>\n\n\n\n<li>Dete\u00e7\u00e3o e Resposta a Incidentes<\/li>\n\n\n\n<li>Gest\u00e3o de Confian\u00e7a e Identidades Digitais<\/li>\n\n\n\n<li>Gest\u00e3o de Seguran\u00e7a da Informa\u00e7\u00e3o<\/li>\n\n\n\n<li>Integridade e Seguran\u00e7a de Dados e Sistemas<\/li>\n\n\n\n<li>M\u00e9todos Formais em Seguran\u00e7a<\/li>\n\n\n\n<li>Modelos, Pol\u00edticas e Protocolos de Seguran\u00e7a<\/li>\n\n\n\n<li>Seguran\u00e7a Baseada em Hardware<\/li>\n\n\n\n<li>Seguran\u00e7a de Infraestruturas de Computa\u00e7\u00e3o Cr\u00edticas<\/li>\n\n\n\n<li>Seguran\u00e7a em Aplica\u00e7\u00f5es e Servi\u00e7os Web<\/li>\n\n\n\n<li>Seguran\u00e7a em Bases de Dados<\/li>\n\n\n\n<li>Seguran\u00e7a em Computa\u00e7\u00e3o M\u00f3vel e Ub\u00edqua<\/li>\n\n\n\n<li>Seguran\u00e7a em Internet das Coisas<\/li>\n\n\n\n<li>Seguran\u00e7a em Sistemas Ciber-F\u00edsicos<\/li>\n\n\n\n<li>Seguran\u00e7a em Sistemas de Intelig\u00eancia Artificial e Aprendizagem M\u00e1quina<\/li>\n\n\n\n<li>Seguran\u00e7a em Redes<\/li>\n\n\n\n<li>Seguran\u00e7a em Sistemas Distribu\u00eddos<\/li>\n\n\n\n<li>Seguran\u00e7a em Software<\/li>\n\n\n\n<li>Seguran\u00e7a Ofensiva e Ciber-defesa<\/li>\n\n\n\n<li>Seguran\u00e7a, Privacidade e Confiabilidade na Cloud<\/li>\n\n\n\n<li>Sistemas de Dete\u00e7\u00e3o e Toler\u00e2ncia a Intrus\u00f5es<\/li>\n\n\n\n<li>Vota\u00e7\u00e3o Eletr\u00f3nica<\/li>\n<\/ul>\n\n\n\n<h2 class=\"wp-block-heading\">Comiss\u00e3o T\u00e9cnica<\/h2>\n\n\n\n<ul class=\"wp-block-list\">\n<li>Alan S\u00e1 (LASIGE &#8211; FCUL) \u2014 <strong>Chair<\/strong><\/li>\n\n\n\n<li>Bernardo Portela (HASLab &#8211; FCUP) \u2014 <strong>Chair<\/strong><\/li>\n\n\n\n<li>Alex Davidson (FCUL)<\/li>\n\n\n\n<li>Andr\u00e9 Z\u00faquete (Universidade de Aveiro)<\/li>\n\n\n\n<li>Bernardo Ferreira (FCUL)<\/li>\n\n\n\n<li>Jo\u00e3o Marco (Universidade do Minho)<\/li>\n\n\n\n<li>Jo\u00e3o Paulo (Universidade do Minho)<\/li>\n\n\n\n<li>Jo\u00e3o Resende (CRACS &#8211; INESCTEC \/ DCC-FCUP)<\/li>\n\n\n\n<li>Jo\u00e3o Vilela (FCUP)<\/li>\n\n\n\n<li>Jos\u00e9 Bacelar Almeida (Universidade do Minho)<\/li>\n\n\n\n<li>Jos\u00e9 D&#8217;Abruzzo (Universidade de Coimbra)<\/li>\n\n\n\n<li>Kevin Gallagher (NOVA LINCS e NOVA University Lisbon)<\/li>\n\n\n\n<li>Manuel Barbosa (HASLab &#8211; FCUP)<\/li>\n\n\n\n<li>Mariana Cunha (UP\/INESCTEC\/CISUC)<\/li>\n\n\n\n<li>Miguel Pardal (Universidade de Lisboa)<\/li>\n\n\n\n<li>Nuno Antunes (Guardsquare)<\/li>\n\n\n\n<li>Pedro Ad\u00e3o (INESC-ID \/ Instituto Superior Tecnico)<\/li>\n\n\n\n<li>Pedro In\u00e1cio (Universidade da Beira Interior)<\/li>\n<\/ul>\n","protected":false},"excerpt":{"rendered":"<p>A Seguran\u00e7a dos Sistemas de Computadores e das Comunica\u00e7\u00f5es (SSCC) em Rede assume um papel cada vez mais relevante na sociedade tecnol\u00f3gica atual. O n\u00famero de dispositivos com capacidade de computa\u00e7\u00e3o, recolha ou armazenamento de dados est\u00e1 a crescer de forma acentuada e novas formas de comunica\u00e7\u00e3o e servi\u00e7os est\u00e3o a proliferar, fornecendo funcionalidades que &hellip; <\/p>\n","protected":false},"author":6,"featured_media":0,"parent":0,"menu_order":0,"comment_status":"closed","ping_status":"closed","template":"","meta":{"footnotes":""},"class_list":["post-2295","page","type-page","status-publish","hentry"],"rttpg_featured_image_url":null,"rttpg_author":{"display_name":"Jo\u00e3o Cardoso","author_link":"https:\/\/inforum2025.xdi.uevora.pt\/index.php\/author\/joao-pedro-cardoso\/"},"rttpg_comment":0,"rttpg_category":null,"rttpg_excerpt":"A Seguran\u00e7a dos Sistemas de Computadores e das Comunica\u00e7\u00f5es (SSCC) em Rede assume um papel cada vez mais relevante na sociedade tecnol\u00f3gica atual. O n\u00famero de dispositivos com capacidade de computa\u00e7\u00e3o, recolha ou armazenamento de dados est\u00e1 a crescer de forma acentuada e novas formas de comunica\u00e7\u00e3o e servi\u00e7os est\u00e3o a proliferar, fornecendo funcionalidades que&hellip;","_links":{"self":[{"href":"https:\/\/inforum2025.xdi.uevora.pt\/index.php\/wp-json\/wp\/v2\/pages\/2295","targetHints":{"allow":["GET"]}}],"collection":[{"href":"https:\/\/inforum2025.xdi.uevora.pt\/index.php\/wp-json\/wp\/v2\/pages"}],"about":[{"href":"https:\/\/inforum2025.xdi.uevora.pt\/index.php\/wp-json\/wp\/v2\/types\/page"}],"author":[{"embeddable":true,"href":"https:\/\/inforum2025.xdi.uevora.pt\/index.php\/wp-json\/wp\/v2\/users\/6"}],"replies":[{"embeddable":true,"href":"https:\/\/inforum2025.xdi.uevora.pt\/index.php\/wp-json\/wp\/v2\/comments?post=2295"}],"version-history":[{"count":10,"href":"https:\/\/inforum2025.xdi.uevora.pt\/index.php\/wp-json\/wp\/v2\/pages\/2295\/revisions"}],"predecessor-version":[{"id":2408,"href":"https:\/\/inforum2025.xdi.uevora.pt\/index.php\/wp-json\/wp\/v2\/pages\/2295\/revisions\/2408"}],"wp:attachment":[{"href":"https:\/\/inforum2025.xdi.uevora.pt\/index.php\/wp-json\/wp\/v2\/media?parent=2295"}],"curies":[{"name":"wp","href":"https:\/\/api.w.org\/{rel}","templated":true}]}}